{"id":172,"date":"2017-06-01T23:44:38","date_gmt":"2017-06-01T23:44:38","guid":{"rendered":"http:\/\/brunomoldes.com.br\/site\/?page_id=172"},"modified":"2019-10-04T15:41:44","modified_gmt":"2019-10-04T15:41:44","slug":"produtos","status":"publish","type":"page","link":"https:\/\/brunomoldes.com.br\/site\/produtos\/","title":{"rendered":"Produtos"},"content":{"rendered":"<p>[et_pb_section bb_built=&#8221;1&#8243; custom_width_px=&#8221;1080&#8243; fullwidth=&#8221;on&#8221; _builder_version=&#8221;3.0.92&#8243; background_image=&#8221;https:\/\/brunomoldes.com.br\/site\/wp-content\/uploads\/2019\/05\/Green-Background-12-1650&#215;8162.jpg&#8221; background_position=&#8221;top_center&#8221; custom_padding=&#8221;50px||50px|&#8221; transparent_background=&#8221;off&#8221;][et_pb_fullwidth_header title=&#8221;Produtos&#8221; background_layout=&#8221;dark&#8221; text_orientation=&#8221;center&#8221; scroll_down_icon_size=&#8221;50&#8243; _builder_version=&#8221;3.0.47&#8243; title_font=&#8221;|on|||&#8221; title_font_size=&#8221;54&#8243; title_font_size_tablet=&#8221;30&#8243; content_font_size=&#8221;14&#8243; subhead_font_size=&#8221;18&#8243; \/][\/et_pb_section][et_pb_section bb_built=&#8221;1&#8243; _builder_version=&#8221;3.0.47&#8243;][et_pb_row custom_width_px=&#8221;1080&#8243; custom_padding=&#8221;40px|||&#8221; parallax_method_1=&#8221;off&#8221; parallax_method_2=&#8221;off&#8221; module_id=&#8221;linhaagricola&#8221; _builder_version=&#8221;3.0.92&#8243; background_size=&#8221;initial&#8221; background_position=&#8221;top_left&#8221; background_repeat=&#8221;repeat&#8221;][et_pb_column type=&#8221;4_4&#8243;][et_pb_text _builder_version=&#8221;3.0.92&#8243; text_font=&#8221;|800|||||||&#8221; text_font_size=&#8221;32px&#8221; text_letter_spacing=&#8221;0&#8243; text_line_height=&#8221;1.7&#8243; header_font_size=&#8221;30&#8243; header_letter_spacing=&#8221;0&#8243; header_line_height=&#8221;1&#8243; background_size=&#8221;initial&#8221; background_position=&#8221;top_left&#8221; background_repeat=&#8221;repeat&#8221; use_border_color=&#8221;off&#8221; border_color=&#8221;#ffffff&#8221; border_width=&#8221;1&#8243; border_style=&#8221;solid&#8221;] \u2022 LINHA AGRICOLA<br \/>\n[\/et_pb_text][et_pb_gallery gallery_ids=&#8221;377,378,379,382,383,485,484,483,482&#8243; gallery_captions=&#8221;,,,,,,&#8221; posts_number=&#8221;9&#8243; show_title_and_caption=&#8221;off&#8221; show_pagination=&#8221;off&#8221; _builder_version=&#8221;3.0.92&#8243; use_border_color=&#8221;off&#8221; fullwidth=&#8221;off&#8221; orientation=&#8221;landscape&#8221; zoom_icon_color=&#8221;#2ea3f2&#8243; hover_overlay_color=&#8221;rgba(255,255,255,0.9)&#8221; background_layout=&#8221;light&#8221; pagination_font_size_tablet=&#8221;51&#8243; pagination_line_height_tablet=&#8221;2&#8243; \/][et_pb_divider color=&#8221;#1dad27&#8243; show_divider=&#8221;on&#8221; _builder_version=&#8221;3.0.92&#8243; \/][\/et_pb_column][\/et_pb_row][et_pb_row custom_width_px=&#8221;1080&#8243; custom_padding=&#8221;40px|||&#8221; parallax_method_1=&#8221;off&#8221; parallax_method_2=&#8221;off&#8221; module_id=&#8221;maquinaspesadas&#8221; _builder_version=&#8221;3.0.92&#8243; background_size=&#8221;initial&#8221; background_position=&#8221;top_left&#8221; background_repeat=&#8221;repeat&#8221;][et_pb_column type=&#8221;4_4&#8243;][et_pb_text _builder_version=&#8221;3.0.92&#8243; text_font=&#8221;|800|||||||&#8221; text_font_size=&#8221;32px&#8221; text_letter_spacing=&#8221;0&#8243; text_line_height=&#8221;1.7&#8243; header_font_size=&#8221;30&#8243; header_letter_spacing=&#8221;0&#8243; header_line_height=&#8221;1&#8243; background_size=&#8221;initial&#8221; background_position=&#8221;top_left&#8221; background_repeat=&#8221;repeat&#8221; use_border_color=&#8221;off&#8221; border_color=&#8221;#ffffff&#8221; border_width=&#8221;1&#8243; border_style=&#8221;solid&#8221;] \u2022 MAQUINAS PESADAS<br \/>\n[\/et_pb_text][et_pb_gallery gallery_ids=&#8221;392,393,394,397,497,496,495,494,492,491,490,489,488,487&#8243; gallery_captions=&#8221;,,,,,,,&#8221; posts_number=&#8221;14&#8243; show_title_and_caption=&#8221;off&#8221; show_pagination=&#8221;off&#8221; _builder_version=&#8221;3.0.92&#8243; use_border_color=&#8221;off&#8221; fullwidth=&#8221;off&#8221; orientation=&#8221;landscape&#8221; zoom_icon_color=&#8221;#2ea3f2&#8243; hover_overlay_color=&#8221;rgba(255,255,255,0.9)&#8221; background_layout=&#8221;light&#8221; pagination_font_size_tablet=&#8221;51&#8243; pagination_line_height_tablet=&#8221;2&#8243; \/][et_pb_divider color=&#8221;#1dad27&#8243; show_divider=&#8221;on&#8221; _builder_version=&#8221;3.0.92&#8243; \/][\/et_pb_column][\/et_pb_row][et_pb_row custom_width_px=&#8221;1080&#8243; custom_padding=&#8221;40px|||&#8221; parallax_method_1=&#8221;off&#8221; parallax_method_2=&#8221;off&#8221; module_id=&#8221;linhametroviaria&#8221; _builder_version=&#8221;3.0.92&#8243; background_size=&#8221;initial&#8221; background_position=&#8221;top_left&#8221; background_repeat=&#8221;repeat&#8221;][et_pb_column type=&#8221;4_4&#8243;][et_pb_text _builder_version=&#8221;3.0.92&#8243; text_font=&#8221;|800|||||||&#8221; text_font_size=&#8221;32px&#8221; text_letter_spacing=&#8221;0&#8243; text_line_height=&#8221;1.7&#8243; header_font_size=&#8221;30&#8243; header_letter_spacing=&#8221;0&#8243; header_line_height=&#8221;1&#8243; background_size=&#8221;initial&#8221; background_position=&#8221;top_left&#8221; background_repeat=&#8221;repeat&#8221; use_border_color=&#8221;off&#8221; border_color=&#8221;#ffffff&#8221; border_width=&#8221;1&#8243; border_style=&#8221;solid&#8221;] \u2022 LINHA METROVI\u00c1RIA<br \/>\n[\/et_pb_text][et_pb_gallery gallery_ids=&#8221;387,386,388,389,390,391,385&#8243; gallery_captions=&#8221;,,,,,,&#8221; posts_number=&#8221;8&#8243; show_title_and_caption=&#8221;off&#8221; show_pagination=&#8221;off&#8221; _builder_version=&#8221;3.0.92&#8243; title_letter_spacing=&#8221;0&#8243; title_line_height=&#8221;1&#8243; caption_letter_spacing=&#8221;0&#8243; caption_line_height=&#8221;18&#8243; use_border_color=&#8221;off&#8221; border_color=&#8221;#ffffff&#8221; border_width=&#8221;1&#8243; border_style=&#8221;solid&#8221; \/][et_pb_divider color=&#8221;#1dad27&#8243; show_divider=&#8221;on&#8221; _builder_version=&#8221;3.0.92&#8243; \/][\/et_pb_column][\/et_pb_row][et_pb_row custom_width_px=&#8221;1080&#8243; custom_padding=&#8221;5px|||&#8221; parallax_method_1=&#8221;off&#8221; parallax_method_2=&#8221;off&#8221; module_id=&#8221;carroseletricos&#8221; _builder_version=&#8221;3.0.92&#8243; background_size=&#8221;initial&#8221; background_position=&#8221;top_left&#8221; background_repeat=&#8221;repeat&#8221;][et_pb_column type=&#8221;4_4&#8243;][et_pb_text _builder_version=&#8221;3.0.92&#8243; text_font=&#8221;|800|||||||&#8221; text_font_size=&#8221;32px&#8221; text_letter_spacing=&#8221;0&#8243; text_line_height=&#8221;1.7&#8243; header_font_size=&#8221;30&#8243; header_letter_spacing=&#8221;0&#8243; header_line_height=&#8221;1&#8243; background_size=&#8221;initial&#8221; background_position=&#8221;top_left&#8221; background_repeat=&#8221;repeat&#8221; use_border_color=&#8221;off&#8221; border_color=&#8221;#ffffff&#8221; border_width=&#8221;1&#8243; border_style=&#8221;solid&#8221;] \u2022 CARROS EL\u00c9TRICOS<br \/>\n[\/et_pb_text][et_pb_gallery gallery_ids=&#8221;365,366,367,368&#8243; gallery_captions=&#8221;,,,&#8221; posts_number=&#8221;8&#8243; show_title_and_caption=&#8221;off&#8221; show_pagination=&#8221;off&#8221; _builder_version=&#8221;3.0.92&#8243; title_letter_spacing=&#8221;0&#8243; title_line_height=&#8221;1&#8243; caption_letter_spacing=&#8221;0&#8243; caption_line_height=&#8221;18&#8243; use_border_color=&#8221;off&#8221; border_color=&#8221;#ffffff&#8221; border_width=&#8221;1&#8243; border_style=&#8221;solid&#8221; \/][et_pb_divider color=&#8221;#1dad27&#8243; show_divider=&#8221;on&#8221; _builder_version=&#8221;3.0.92&#8243; \/][\/et_pb_column][\/et_pb_row][et_pb_row custom_width_px=&#8221;1080&#8243; custom_padding=&#8221;40px|||&#8221; parallax_method_1=&#8221;off&#8221; parallax_method_2=&#8221;off&#8221; module_id=&#8221;fabricacaopropria&#8221; _builder_version=&#8221;3.0.92&#8243; background_size=&#8221;initial&#8221; background_position=&#8221;top_left&#8221; background_repeat=&#8221;repeat&#8221;][et_pb_column type=&#8221;4_4&#8243;][et_pb_text _builder_version=&#8221;3.0.92&#8243; text_font=&#8221;|800|||||||&#8221; text_font_size=&#8221;32px&#8221; text_letter_spacing=&#8221;0&#8243; text_line_height=&#8221;1.7&#8243; header_font_size=&#8221;30&#8243; header_letter_spacing=&#8221;0&#8243; header_line_height=&#8221;1&#8243; background_size=&#8221;initial&#8221; background_position=&#8221;top_left&#8221; background_repeat=&#8221;repeat&#8221; use_border_color=&#8221;off&#8221; border_color=&#8221;#ffffff&#8221; border_width=&#8221;1&#8243; border_style=&#8221;solid&#8221;]<\/p>\n<p>\u2022 FABRICA\u00c7\u00c3O PR\u00d3PRIA<\/p>\n<p>[\/et_pb_text][et_pb_gallery gallery_ids=&#8221;376,372,374,369,370,371,375&#8243; gallery_captions=&#8221;,,,,,,&#8221; posts_number=&#8221;8&#8243; show_title_and_caption=&#8221;off&#8221; show_pagination=&#8221;off&#8221; _builder_version=&#8221;3.0.92&#8243; title_letter_spacing=&#8221;0&#8243; title_line_height=&#8221;1&#8243; caption_letter_spacing=&#8221;0&#8243; caption_line_height=&#8221;18&#8243; use_border_color=&#8221;off&#8221; border_color=&#8221;#ffffff&#8221; border_width=&#8221;1&#8243; border_style=&#8221;solid&#8221; \/][et_pb_divider color=&#8221;#1dad27&#8243; show_divider=&#8221;on&#8221; _builder_version=&#8221;3.0.92&#8243; \/][\/et_pb_column][\/et_pb_row][et_pb_row custom_width_px=&#8221;1080&#8243; custom_padding=&#8221;40px|||&#8221; parallax_method_1=&#8221;off&#8221; parallax_method_2=&#8221;off&#8221; module_id=&#8221;saneamento&#8221; _builder_version=&#8221;3.0.92&#8243; background_size=&#8221;initial&#8221; background_position=&#8221;top_left&#8221; background_repeat=&#8221;repeat&#8221;][et_pb_column type=&#8221;4_4&#8243;][et_pb_text _builder_version=&#8221;3.0.92&#8243; text_font=&#8221;|800|||||||&#8221; text_font_size=&#8221;32px&#8221; text_letter_spacing=&#8221;0&#8243; text_line_height=&#8221;1.7&#8243; header_font_size=&#8221;30&#8243; header_letter_spacing=&#8221;0&#8243; header_line_height=&#8221;1&#8243; background_size=&#8221;initial&#8221; background_position=&#8221;top_left&#8221; background_repeat=&#8221;repeat&#8221; use_border_color=&#8221;off&#8221; border_color=&#8221;#ffffff&#8221; border_width=&#8221;1&#8243; border_style=&#8221;solid&#8221;]<\/p>\n<p>\u2022 SANEAMENTO<\/p>\n<p>[\/et_pb_text][et_pb_gallery gallery_ids=&#8221;443,441,439,437,438,440,442&#8243; gallery_captions=&#8221;,,,,,,&#8221; posts_number=&#8221;8&#8243; show_title_and_caption=&#8221;off&#8221; show_pagination=&#8221;off&#8221; _builder_version=&#8221;3.0.92&#8243; title_letter_spacing=&#8221;0&#8243; title_line_height=&#8221;1&#8243; caption_letter_spacing=&#8221;0&#8243; caption_line_height=&#8221;18&#8243; use_border_color=&#8221;off&#8221; border_color=&#8221;#ffffff&#8221; border_width=&#8221;1&#8243; border_style=&#8221;solid&#8221; \/][et_pb_divider color=&#8221;#1dad27&#8243; show_divider=&#8221;on&#8221; _builder_version=&#8221;3.0.92&#8243; \/][\/et_pb_column][\/et_pb_row][\/et_pb_section][et_pb_section bb_built=&#8221;1&#8243; custom_width_px=&#8221;1080&#8243; _builder_version=&#8221;3.0.47&#8243; custom_padding=&#8221;5px||25px|&#8221; transparent_background=&#8221;off&#8221;][et_pb_row custom_padding=&#8221;27px|0px|66px|0px&#8221; _builder_version=&#8221;3.0.47&#8243; background_size=&#8221;initial&#8221; background_position=&#8221;top_left&#8221; background_repeat=&#8221;repeat&#8221;][et_pb_column type=&#8221;4_4&#8243;][et_pb_text _builder_version=&#8221;3.0.92&#8243; text_font=&#8221;|800|||||||&#8221; text_font_size=&#8221;32px&#8221; text_letter_spacing=&#8221;0&#8243; text_line_height=&#8221;1.7&#8243; header_font_size=&#8221;30&#8243; header_letter_spacing=&#8221;0&#8243; header_line_height=&#8221;1&#8243; background_size=&#8221;initial&#8221; background_position=&#8221;top_left&#8221; background_repeat=&#8221;repeat&#8221; use_border_color=&#8221;off&#8221; border_color=&#8221;#ffffff&#8221; border_width=&#8221;1&#8243; border_style=&#8221;solid&#8221;]<\/p>\n<p style=\"text-align: center;\">INTERESSADO? FA\u00c7A UM OR\u00c7AMENTO!<\/p>\n<p>[\/et_pb_text][et_pb_button button_text=&#8221;Acessar o formul\u00e1rio&#8230;&#8221; button_alignment=&#8221;center&#8221; _builder_version=&#8221;3.0.92&#8243; custom_button=&#8221;on&#8221; button_text_color=&#8221;#086E56&#8243; button_font=&#8221;||||||||&#8221; button_url=&#8221;https:\/\/brunomoldes.com.br\/site\/contato\/&#8221; \/][\/et_pb_column][\/et_pb_row][\/et_pb_section]<\/p>\n","protected":false},"excerpt":{"rendered":"<p>\u2022 LINHA AGRICOLA \u2022 MAQUINAS PESADAS \u2022 LINHA METROVI\u00c1RIA \u2022 CARROS EL\u00c9TRICOS \u2022 FABRICA\u00c7\u00c3O PR\u00d3PRIA \u2022 SANEAMENTO INTERESSADO? FA\u00c7A UM OR\u00c7AMENTO!<\/p>\n","protected":false},"author":1,"featured_media":0,"parent":0,"menu_order":0,"comment_status":"closed","ping_status":"closed","template":"","meta":{"_et_pb_use_builder":"on","_et_pb_old_content":"","_et_gb_content_width":"","footnotes":""},"class_list":["post-172","page","type-page","status-publish","hentry"],"_links":{"self":[{"href":"https:\/\/brunomoldes.com.br\/site\/wp-json\/wp\/v2\/pages\/172"}],"collection":[{"href":"https:\/\/brunomoldes.com.br\/site\/wp-json\/wp\/v2\/pages"}],"about":[{"href":"https:\/\/brunomoldes.com.br\/site\/wp-json\/wp\/v2\/types\/page"}],"author":[{"embeddable":true,"href":"https:\/\/brunomoldes.com.br\/site\/wp-json\/wp\/v2\/users\/1"}],"replies":[{"embeddable":true,"href":"https:\/\/brunomoldes.com.br\/site\/wp-json\/wp\/v2\/comments?post=172"}],"version-history":[{"count":17,"href":"https:\/\/brunomoldes.com.br\/site\/wp-json\/wp\/v2\/pages\/172\/revisions"}],"predecessor-version":[{"id":500,"href":"https:\/\/brunomoldes.com.br\/site\/wp-json\/wp\/v2\/pages\/172\/revisions\/500"}],"wp:attachment":[{"href":"https:\/\/brunomoldes.com.br\/site\/wp-json\/wp\/v2\/media?parent=172"}],"curies":[{"name":"wp","href":"https:\/\/api.w.org\/{rel}","templated":true}]}}